{"id":181,"date":"2015-06-08T17:22:11","date_gmt":"2015-06-08T14:22:11","guid":{"rendered":"http:\/\/enif.ee\/?page_id=181"},"modified":"2015-06-15T17:29:48","modified_gmt":"2015-06-15T14:29:48","slug":"loppenud-projektid","status":"publish","type":"page","link":"https:\/\/enif.ee\/?page_id=181","title":{"rendered":"L\u00f5ppenud projektid"},"content":{"rendered":"<p><strong><a href=\"http:\/\/hefore.blogspot.com\">HEFORE<\/a> &#8211; Heritage for Everybody<\/strong><\/p>\n<p><img loading=\"lazy\" title=\"projekti HEFORE logo\" src=\"http:\/\/enif.ee\/wp-content\/uploads\/2012\/04\/hefore_transp.png\" alt=\"\" width=\"229\" height=\"128\" \/><\/p>\n<p>Euroopa elukestva \u00f5ppe programmist rahastatud projekti ,,Kultuurip\u00e4rand k\u00f5igile&#8221; (2010 &#8211; 2012) peaeesm\u00e4rk oli avada kultuuriinstitutsioonid  (sh muuseumid, kultuurilist meelelahutust pakkuvate  mittetulunduslike organisatsioonide programmid) k\u00f5igile k\u00fclastajatele s\u00f5ltumata nende vanusest, rahvuslikust v\u00f5i sotsiaalsest p\u00e4ritolust, majanduslikust seisundist jm staatusest.<br \/>\nProjekti \u00fche tulemusena t\u00f6\u00f6tati v\u00e4lja soovitused, kuidas muuta muuseumid koos ekspositsioone tutvustavate hariduslike programmidega ligip\u00e4\u00e4setavaks k\u00f5igile elanikkonna  gruppidele sh erivajadustega inimestele.<br \/>\n<a href=\"http:\/\/enif.ee\/?page_id=125\" title=\"Loe edasi.\">Loe edasi<\/a>.<\/p>\n<p><a title=\"ENABLE\" href=\"http:\/\/i-enable.eu\/\"><strong>ENABLE<\/strong><\/a> <strong>&#8211;<\/strong> <strong>Network of ICT supported Learning for Disabled People<\/strong><\/p>\n<p><img class=\"alignnone\" title=\"projekti ENABLE logo\" src=\"http:\/\/enif.ee\/wp-content\/uploads\/2012\/04\/logo.png\" alt=\"\" \/><\/p>\n<p>ENABLE (Network of ICT supported Learning for Disabled People) on Euroopa elukestva \u00f5ppe programmist rahastatud projekt, mis algas 1. novembril 2011 ning kestab kolm aastat.<br \/>\nENABLE v\u00f5rgustik h\u00f5lmab 13 partnerit Euroopa Liidu liikmesriikidest ning 3 partnerit v\u00e4ljastpoolt Euroopa Liitu \u2013Austraaliast, L\u00f5una-Koreast ja Serbiast.<br \/>\n<a href=\"http:\/\/enif.ee\/?page_id=128\" title=\"Loe edasi.\">Loe edasi<\/a>.<\/p>\n<p><img class=\"alignleft\" title=\"logoeac\" src=\"http:\/\/enif.ee\/wp-content\/uploads\/2012\/04\/DEF_flag-logoeac-LLP_EN.png\" alt=\"\" \/><small>Projekti on rahaliselt toetanud Euroopa Komisjon. Publikatsiooni sisu peegeldab autori seisukohti ja Euroopa Komisjon ei ole vastutav selles sisalduva informatsiooni kasutamise eest.<\/small><\/p>\n","protected":false},"excerpt":{"rendered":"<p>HEFORE &#8211; Heritage for Everybody Euroopa elukestva \u00f5ppe programmist rahastatud projekti ,,Kultuurip\u00e4rand k\u00f5igile&#8221; (2010 &#8211; 2012) peaeesm\u00e4rk oli avada kultuuriinstitutsioonid (sh muuseumid, kultuurilist meelelahutust pakkuvate mittetulunduslike organisatsioonide programmid) k\u00f5igile k\u00fclastajatele s\u00f5ltumata nende vanusest, rahvuslikust v\u00f5i sotsiaalsest p\u00e4ritolust, majanduslikust seisundist jm &hellip; <a href=\"https:\/\/enif.ee\/?page_id=181\">Continue reading <span class=\"meta-nav\">&rarr;<\/span><\/a><\/p>\n","protected":false},"author":1,"featured_media":0,"parent":67,"menu_order":0,"comment_status":"closed","ping_status":"open","template":"","meta":[],"_links":{"self":[{"href":"https:\/\/enif.ee\/index.php?rest_route=\/wp\/v2\/pages\/181"}],"collection":[{"href":"https:\/\/enif.ee\/index.php?rest_route=\/wp\/v2\/pages"}],"about":[{"href":"https:\/\/enif.ee\/index.php?rest_route=\/wp\/v2\/types\/page"}],"author":[{"embeddable":true,"href":"https:\/\/enif.ee\/index.php?rest_route=\/wp\/v2\/users\/1"}],"replies":[{"embeddable":true,"href":"https:\/\/enif.ee\/index.php?rest_route=%2Fwp%2Fv2%2Fcomments&post=181"}],"version-history":[{"count":4,"href":"https:\/\/enif.ee\/index.php?rest_route=\/wp\/v2\/pages\/181\/revisions"}],"predecessor-version":[{"id":190,"href":"https:\/\/enif.ee\/index.php?rest_route=\/wp\/v2\/pages\/181\/revisions\/190"}],"up":[{"embeddable":true,"href":"https:\/\/enif.ee\/index.php?rest_route=\/wp\/v2\/pages\/67"}],"wp:attachment":[{"href":"https:\/\/enif.ee\/index.php?rest_route=%2Fwp%2Fv2%2Fmedia&parent=181"}],"curies":[{"name":"wp","href":"https:\/\/api.w.org\/{rel}","templated":true}]}}